+ 15029115. What is i(-5)?
-5
Let o(u) = u**2 - 73*u + 786. Give o(15).
-84
Let q(f) = -f**3 + 22*f**2 + 377*f - 157. Give q(33).
305
Let y(z) = 1110*z + 163072. Calculate y(-147).
-98
Let h(l) = -364*l + 1962. Give h(7).
-586
Let h(t) = 1337*t - 1282183. What is h(959)?
0
Let w(h) = -9*h**3 - 104*h**2 - 44*h + 124. Determine w(-11).
3
Let a(j) = -42*j**3 - 378*j**2 + j + 96. Give a(-9).
87
Let h(o) = 28*o**2 - 1959*o + 15318. Determine h(61).
7
Let b(p) = -p**2 - 372748*p + 3354807. Give b(9).
-6
Let t(f) = 8094*f - 1473152. Give t(182).
-44
Let o(g) = 2*g**2 - 1102*g + 82234. Determine o(462).
-2
Let l(s) = 37231*s - 1191391. Calculate l(32).
1
Let s(a) = 49*a**3 + 4308*a**2 - 336*a + 1510. Calculate s(-88).
102
Let i(q) = 728*q + 17443. What is i(-24)?
-29
Let q(u) = -u**2 + 7107*u + 1536565. What is q(-210)?
-5
Let l(p) = 10*p**2 - 170*p + 492. Determine l(3).
72
Let l(g) = -1856*g - 4657. Give l(-3).
911
Let z(g) = -g**3 - 18*g**2 - 13526*g + 68196. Calculate z(5).
-9
Let c(x) = -175*x**3 - 5775*x**2 - 11*x + 48. Determine c(-33).
411
Let d(j) = -207*j**3 + 12*j**2 + 27*j - 35. What is d(1)?
-203
Let c(q) = 5516*q - 87908. What is c(16)?
348
Let y(b) = 33*b**3 - 174*b**2 - 52*b + 350. What is y(6)?
902
Let z(a) = -a**3 + 153*a**2 - 1644*a - 2. Calculate z(11).
-904
Let r(p) = 33*p**2 - 16*p - 335. Give r(-3).
10
Let a(d) = 5*d**3 + 152*d**2 + 73*d - 1141. Give a(-30).
-1531
Let p(j) = -180*j - 15422. What is p(-86)?
58
Let s(w) = w**3 - 50*w**2 + 470*w - 531. What is s(38)?
1
Let p(x) = -x**2 - 86106*x - 18. Calculate p(0).
-18
Let i(r) = -512*r + 61956. Give i(121).
4
Let l(o) = 1450*o - 91088. Give l(61).
-2638
Let t(f) = -795353*f + 795356. What is t(1)?
3
Let t(m) = 2182*m + 111025. Determine t(-51).
-257
Let k(m) = 7*m**2 + 386*m - 325. Give k(-55).
-380
Let y(w) = 5*w**2 - 51478*w + 308752. Determine y(6).
64
Let p(v) = -v**2 - 32*v + 118. What is p(-17)?
373
Let j(w) = 3644*w + 255023. Give j(-70).
-57
Let m(l) = 6882*l + 47994. What is m(-7)?
-180
Let i(j) = 37*j**3 + 5845*j**2 - 204*j - 7321. Give i(-158).
-53
Let g(b) = -112*b + 17908. What is g(163)?
-348
Let j(f) = 14*f**2 + 52*f + 193. Give j(-7).
515
Let r(m) = -m**3 + 58*m**2 + 576*m - 20405. Give r(62).
-69
Let p(k) = k**3 - 17*k**2 + 50*k - 55. What is p(13)?
-81
Let d(p) = -9664*p - 17254. Calculate d(-2).
2074
Let m(a) = -3*a**2 - 2890*a - 65013. Determine m(-23).
-130
Let g(x) = 74959*x - 524687. Give g(7).
26
Let z(d) = 15131*d + 1346657. Give z(-89).
-2
Let v(a) = 192073*a - 1152517. What is v(6)?
-79
Let f(o) = 5*o**2 - 152*o - 804. Give f(35).
1
Let l(x) = x**2 - 67919*x - 203759. Give l(-3).
7
Let m(u) = -34861*u**2 + 453191*u + 30. Determine m(13).
4
Let d(i) = 4*i**2 - 1443*i + 92981. What is d(84)?
-7
Let p(a) = 2127*a - 21360. Determine p(8).
-4344
Let p(l) = 3*l**3 + 60*l**2 + 78*l + 169. Give p(-19).
-230
Let u(v) = 8901*v + 26657. What is u(-3)?
-46
Let v(r) = r**3 - 10*r**2 - 16*r + 17. Give v(-5).
-278
Let b(t) = -2*t**2 - 93*t - 909. Give b(-13).
-38
Let r(k) = -2*k**2 + 22511*k - 157480. Determine r(7).
-1
Let z(o) = -2*o**3 + 30*o**2 - 57*o + 61. Determine z(13).
-4
Let x(n) = 4327*n**2 + 25974*n + 2. Determine x(-6).
-70
Let m(r) = 1307611*r + 1307581. Determine m(-1).
-30
Let v(q) = -q**2 - 157262*q + 16680992. Determine v(106).
-16
Let x(f) = f**2 + 65*f + 1552. What is x(-30)?
502
Let r(d) = d**2 - 97*d + 2421. Give r(50).
71
Let c(z) = -z**2 - 545*z - 6792. What is c(-12)?
-396
Let b(w) = 6*w**3 + w**2 - 222*w - 523. Calculate b(0).
-523
Let p(g) = 799*g**2 - 36748*g - 256. Calculate p(46).
20
Let v(b) = 7*b**3 + 416*b**2 + 4069*b - 937. Calculate v(-47).
3
Let i(y) = 4*y**3 + 9*y**2 - 56*y - 1. What is i(-5)?
4
Let q(h) = -12*h**3 - 6*h**2 + 6*h + 48. Give q(-4).
696
Let q(h) = -30305*h + 5879120. Calculate q(194).
-50
Let w(t) = -2*t**3 - 19*t**2 - 14*t + 114. Determine w(-10).
354
Let m(t) = 29*t**2 + 4393*t + 147870. What is m(-101)?
6
Let k(b) = 2*b**2 + 219*b + 22. Give k(-110).
132
Let l(r) = -925*r + 153549. Calculate l(166).
-1
Let k(r) = r**2 + 262*r - 12266. What is k(40)?
-186
Let h(j) = j**2 + 196*j - 19363. Give h(72).
-67
Let k(d) = -66035*d - 1981047. What is k(-30)?
3
Let v(j) = j**2 - 201347*j + 33. Give v(0).
33
Let b(g) = -5*g**3 - 277*g**2 + 2040*g - 224. What is b(-62)?
148
Let i(f) = -7*f**3 - 14*f**2 + 350*f - 27. Calculate i(-8).
-139
Let n(m) = -m**3 + 67*m**2 - 767*m + 20811. Give n(60).
-9
Let y(v) = -9981*v + 169659. What is y(17)?
-18
Let b(m) = 25*m**2 + 6784*m + 15913. Determine b(-269).
42
Let u(p) = -p**3 - 108*p**2 - 611*p + 452. Determine u(-102).
350
Let l(y) = -26*y**2 - 597*y + 59. Calculate l(-19).
2016
Let f(u) = -5*u**2 - 1720*u - 30709. What is f(-325)?
166
Let z(g) = 21057*g + 210575. Give z(-10).
5
Let f(u) = u**3 - 1370*u**2 - 315769*u - 3143. Determine f(1571).
-1
Let i(t) = 237*t**3 - 1421*t**2 + 55*t - 380. Give i(6).
-14
Let q(s) = s**2 + 240*s + 1347. Give q(-6).
-57
Let q(j) = 531*j + 22281. Determine q(-40).
1041
Let q(r) = r**2 - 130*r + 3841. Determine q(91).
292
Let k(f) = 4607*f + 10232. Calculate k(-2).
1018
Let z(m) = 132823*m - 1062548. Give z(8).
36
Let n(c) = 6*c**2 + 777*c + 7374. Determine n(-119).
-123
Let x(i) = -2*i**3 + 2795*i + 5594. Give x(-2).
20
Let d(b) = 78*b**3 - 935*b**2 - 4667*b + 55858. Give d(12).
-2
Let r(f) = -1207*f + 227683. Give r(188).
767
Let z(i) = -i**2 - 13165*i - 276014. Determine z(-21).
10
Let h(n) = -10*n**2 - 358*n + 10. Calculate h(0).
10
Let l(n) = n**3 + 3*n**2 + 379*n + 1151. Determine l(-3).
14
Let t(r) = 2649*r + 2588. Determine t(-1).
-61
Let n(d) = d**3 - 73*d**2 - 5967*d + 510. Calculate n(-49).
-29
Let l(g) = -185*g**2 + 11718*g - 11719. What is l(1)?
-186
Let g(d) = -760*d**3 - 9*d**2 + 10. Determine g(1).
-759
Let p(r) = -1382*r - 15425. What is p(-10)?
-1605
Let j(d) = 7*d**3 - 5*d**2 + 64*d - 193. Calculate j(3).
143
Let q(f) = 953*f + 220152. Give q(-231).
9
Let j(i) = i**2 - 305*i - 37903. Calculate j(-95).
97
Let n(a) = -54*a**2 - 1355*a + 628. Give n(-26).
-646
Let l(p) = -160*p**2 + 1338*p - 2038. What is l(2)?
-2
Let o(s) = -19144*s + 1627224. What is o(85)?
-16
Let l(m) = 18668*m - 55997. Determine l(3).
7
Let n(k) = 200*k - 9403. What is n(47)?
-3
Let g(q) = -2*q**3 + 129*q**2 + 4812*q + 1050. Calculate g(91).
49
Let y(s) = 496*s + 20593. Give y(-42).
-239
Let y(c) = 25*c**2 - 1096*c - 13369. Give y(-10).
91
Let t(l) = 7*l**3 - 49*l**2 + 107*l - 1. Determine t(2).
73
Let w(x) = 77*x + 5136. Calculate w(-85).
-1409
Let s(t) = 6670*t + 1147271. Calculate s(-172).
31
Let d(f) = f**3 - 7*f**2 - 1198*f - 2383. What is d(-2)?
-23
Let g(n) = -n**3 - 573*n**2 - 6191*n - 5502. What is g(-562)?
-444
Let d(v) = -68*v**2 + 989*v + 43. What is d(14)?
561
Let o(n) = 64*n**2 - 5748*n - 1080. Calculate o(90).
0
Let a(p) = -1252224*p - 2504474. Give a(-2).
-26
Let y(b) = -872*b**2 + 624363*b - 7879. Determine y(716).
-3
Let z(o) = 175*o - 16801. Determine z(98).
349
Let j(r) = -16*r**2 + 134074*r - 268150. Determine j(2).
-66
Let m(b) = -14*b**3 + 194*b**2 + 463*b + 261. Give m(16).
-11
Let n(c) = -2*c**3 + 389*c**2 + 2607*c + 693. Determine n(201).
-513
Let w(z) = -z**3 + 781*z**2 - 1560*z - 1. What is w(2)?
-5
Let t(a) = -726359*a - 5. Give t(0).
-5
Let c(g) = g**3 + 27*g**2 - 312*g - 2521. Give c(-34).
-5
Let c(j) = 4*j**3 + 223*j**2 - 94*j - 2085. What is c(-56)?
43
Let p(f) = f**3 - 47*f**2 + 4*f - 871. Calculate p(0).
-871
Let l(h) = -2*h**2 + 159*h + 8810. Determine l(-38).
-120
Let x(a) = -1059*a - 1260236. What is x(-1190)?
-26
Let b(d) = 24265*d - 776480. Give b(32).
0
Let q(p) = -17*p**3 - 4847*p**2 - 589*p - 5438. Determine q(-285).
-23
Let s(k) = -749*k + 4554. Give s(6).
60
Let p(b) = 1220*b + 85045. What is p(-73)?
-4015
Let h(n) = -2*n**3 + 1125*n**2 + 2230*n - 52. What is h(-2)?
4
Let i(x) = -35477*x + 140584. Determine i(4).
-1324
Let h(o) = -6083*o - 56122. Calculate h(-9).
-1375
Let n(s) = -s**3 + 87*s**2 + 1461*s - 5246. What is n(101)?
-499
Let i(q) = 240*q - 2711. Determine i(11).
-71
Let s(t) = t**2 - 13736*t - 662185. Give s(-48).
-553
Let a(i) = 1130*i + 37312. Determine a(-33).
22
Let d(i) = -989722*i - 13856110. Give d(-14).
-2
Let t(y) = 267*y - 523. Give t(0).
-523
Let k(s) = -6*s**3 + 68*s**2 - 2*s - 25. Give k(0).